by y?
4
Let y be 0 + (-64)/(-12) + (-1)/3. Suppose z = -y*q + 3*z + 166, -5*q - 4*z + 148 = 0. Let l = 63 - q. Calculate the remainder when 90 is divided by l.
28
Suppose -3*l = -5*l + 3*c + 71, 0 = -3*l - 2*c + 74. What is the remainder when l is divided by 6?
4
Suppose -7743*o + 1053 = -7716*o. Let q = -8 - -13. Suppose -5*f + q*p + 5 + 60 = 0, -4*f + 55 = -5*p. Calculate the remainder when o is divided by f.
9
Suppose -303 = -3*k + 87. Suppose 2*x - k = x. Suppose 14*y = 4*y + x. Calculate the remainder when 20 is divided by y.
7
Let d(g) = -g**2 + 25*g - 67. Let a be d(22). Calculate the remainder when 52 is divided by a + 28 + 36/(-6).
10
Let g = -1167 + 1749. Let d = g - 279. What is the remainder when d is divided by 77?
72
Suppose -4*q = -3*f - 1913, 16*f - 1452 = -3*q + 24*f. Suppose -318 = -4*o - 2*o. What is the remainder when q is divided by o?
52
Suppose -95*g + 1224 = 5*g + 36*g. What is the remainder when 250 is divided by g?
7
Suppose 0 = 4*a + a + 2*c - 27, 4*a = -2*c + 22. Suppose a*q = 232 - 42. Calculate the remainder when (-2)/4 + (-4)/(56/(-3185)) is divided by q.
37
Let u(v) = 4*v + 306. Let r(g) = 49*g + 3675. Let f(k) = 3*r(k) - 35*u(k). Calculate the remainder when f(16) is divided by 11.
9
Let j(d) = d**3 - 14*d + 15*d + 9 + 21*d**2 + 35*d. Calculate the remainder when 90 is divided by j(-19).
43
Suppose -2*z = -11*z + 9. Let s(l) = -7*l + z - 18*l - 1. Calculate the remainder when 148 is divided by s(-1).
23
Suppose -5*r = -3*o + 6957, 59*r = 54*r + 30. Calculate the remainder when o is divided by 215.
179
Let l = 2931 - 2587. What is the remainder when l is divided by 89?
77
Suppose -2 + 0 = -2*c, 0 = 2*p - 5*c - 735. Suppose 9*j + 82 - p = 0. Let x(d) = d**3 + 5*d**2 - 3*d - 6. Calculate the remainder when j is divided by x(-5).
5
Let v be 375/35 - (-4)/14. Let g be 270/(-33) + 2/v. Let b(a) = a**3 + 7*a**2 - 16*a - 3. Calculate the remainder when b(g) is divided by 16.
13
Suppose 3*i - 509 - 118 = 5*q, -2*i + 420 = -3*q. Calculate the remainder when 234 is divided by i.
15
Suppose -5*m + 125 = -4*j, -m - 5*j = -4*m + 75. What is the remainder when (-64)/(-2) - (2 + -6) is divided by m?
11
Suppose -16*k + 5504 + 2068 + 6732 = 0. What is the remainder when k is divided by 34?
10
Let r(o) = 3*o**3 - 12*o**2 + 6. Let j be r(4). Suppose -44 = -28*i + j*i. Calculate the remainder when (1 + 1)/(-2)*-3 is divided by i.
1
Suppose -198*x + 202*x - 656 = -4*p, p + 5*x - 136 = 0. What is the remainder when 3057 is divided by p?
150
Suppose 7*l + 304 = 528. What is the remainder when l is divided by 9?
5
Let m(t) = -35*t**3 + 13*t**2 - 5*t - 7. Calculate the remainder when 387 is divided by m(-1).
19
Let n(f) = f**3 + 7*f**2 + 5*f + 2. Let m(i) = -16*i**2 + 145*i + 16. What is the remainder when m(9) is divided by n(-6)?
1
What is the remainder when 104 is divided by (-45)/(-18)*342/15?
47
Let m(x) = -x**3 - 3*x**2 + x. Let c = 31 + -30. What is the remainder when 17 + (2 - (-4 + c)) is divided by m(-4)?
10
What is the remainder when (-2)/4*456/(-12) is divided by 3 - (1 - (-12)/(-4))?
4
Suppose -760*x + 762*x = 14. What is the remainder when (1*3/(-6))/(x/(-1008)) is divided by 20?
12
Suppose 3*j - 496 = 3*c - 268, 4*j + 5*c - 241 = 0. What is the remainder when 3651 is divided by j?
63
Suppose 3*m = 3*z + 198, -6*m + 328 = -2*m + 4*z. What is the remainder when 281 is divided by m?
59
Let n(x) = -646*x + 10429. Suppose -9 = -3*g, 2*p + 4 = 5*g + 39. Calculate the remainder when n(16) is divided by p.
18
Let f = -544 - -534. Calculate the remainder when 257 is divided by (12*55/f)/(-2 + 1).
59
Let n(h) = -h**2 + 50*h - 518. What is the remainder when 1*-97*1/(-1) is divided by n(35)?
6
Suppose 20*l + 1480 = 10*l. Let u = 438 + l. What is the remainder when u is divided by 14?
10
Let f(k) = -25*k - 38. Let t be f(-2). Suppose 5*i = v - t, 5*v - 2*i - 62 = 21. Calculate the remainder when 18 is divided by v.
1
Let j(d) = -d**3 - 4*d**2 + 8*d - 1. Let h be j(-6). Let l(t) = -9 + h - 10 - t**2 - 11 + 18*t. Calculate the remainder when l(7) is divided by 24.
22
Let z = 30 + 54. Suppose 0 = 2*b + 2*m - 20 - z, 2*b = 4*m + 104. What is the remainder when 207 is divided by b?
51
Let w(d) = 21*d**2 + 619*d - 921. Suppose u + 73 = 2*l, 77 = 2*l + 6*u - 3*u. Calculate the remainder when w(-31) is divided by l.
34
Let p(n) = n + 5. Let b be p(-2). Let d be (b - (4 + -5)) + -2. Calculate the remainder when 31 is divided by ((0 - 1)/(-1))/d*14.
3
Suppose -5*t - 35 = -5*c, -c - 4*t = -0*c + 8. Suppose 19*m = 1130 - 275. Suppose 5*i + m = 2*h, 0 = i + 2*i + 9. What is the remainder when h is divided by c?
3
Let l(w) = -16*w + 160. Suppose 3*r + 9 = 2*d, -3 - 9 = -4*r. What is the remainder when l(d) is divided by 4?
0
Let v(c) = 2*c**3 + 6*c**2 + 2*c + 4. Let i be v(-3). Calculate the remainder when i + (-894)/(-6) + -3 is divided by 21.
18
Let x = -3518 - -3539. What is the remainder when 34 is divided by x?
13
Let i be ((-108)/21)/(10/(-35)). Let p(m) = -m**2 + 24*m - 4. Calculate the remainder when p(i) is divided by 22.
16
Calculate the remainder when 475 is divided by 489/5 - (-7)/(-35)*(6 + -7).
83
Let z(n) = 11*n + 169. Suppose -p = 5*f + 34, -p - 4*p = 5*f + 90. Calculate the remainder when 39 is divided by z(p).
9
Let o be 36/(-27)*(-66)/2. Suppose -4*p = -0*p, -4*p + o = 2*f. What is the remainder when 86 is divided by f?
20
Let h = -13725 + 13907. Calculate the remainder when h is divided by 96.
86
Let p(v) = -v + 55. Let q be p(-9). Suppose -41*o = -4*l - 36*o + 128, -2*l + q = 4*o. Suppose -3*g = -18 - 15. Calculate the remainder when l is divided by g.
10
Let x = 548 - 333. Let r = -202 + x. Calculate the remainder when 37 is divided by r.
11
Let t(l) be the second derivative of -l**5/20 + l**4/3 + 2*l**3/3 + 43*l**2/2 + 2*l + 15. Calculate the remainder when 471 is divided by t(0).
41
Let y(z) = -z - 12. Let m be y(-17). Suppose -3 = r - 3*u + 3, m*u = 5*r. Suppose j + r = 9. Calculate the remainder when 8 is divided by j.
2
Let l = -12 - -25. Let s = -50897 - -50957. What is the remainder when s is divided by l?
8
Let h(x) = -x**3 + 22*x**2 - 66*x + 28. Calculate the remainder when h(13) is divided by 101.
85
Let t(m) = -2*m**3 - 4*m**2. Let z be t(-3). Let r be -3*(-4)/(-24) + (-91)/(-14). Calculate the remainder when ((-42)/z - -2) + 704/r is divided by 17.
15
Suppose a = -v + 63, 2*a - 4*v - 44 = 58. Calculate the remainder when 5486 is divided by a.
58
Suppose -3*u - 8*v + 104 = 39, -3*u = -v - 110. Calculate the remainder when 80 is divided by u.
10
Suppose -3*s + 5*m = -172, 0 = 4*s - 4*m - 362 + 138. Let z = 40 + s. What is the remainder when z is divided by 49?
45
Suppose 4*x - 2*y = 7*x - 3627, -2*x + 2429 = 5*y. Suppose 1277 = 12*r - x. What is the remainder when r is divided by 21?
18
Suppose 7*q = 439 + 51. What is the remainder when q is divided by ((-225)/(-420)*8)/(3/14)?
10
Suppose -610 = -4*u - 5*n, 9*n = 2*u + 6*n - 316. Let c = 802 - u. Calculate the remainder when c is divided by 24.
23
Calculate the remainder when 1254/(-4)*((-122)/87 + 696/10092) is divided by 38.
0
Let m(g) = 19*g - 58. Let z be m(6). Suppose 6*j + 14 - z = 0. What is the remainder when j is divided by 4?
3
Suppose 3*f + 47 = 4*z, 3*z + 2*f = 15 + 33. What is the remainder when (24/51)/(-4) + (-8127)/(-153) is divided by z?
11
Let v = -230 - 13. What is the remainder when 3/((2/4)/(v/(-18))) is divided by 64?
17
Suppose 8*c + 9*c = 2873. Suppose 43 = -9*i + c. Calculate the remainder when 111 is divided by i.
13
Let i(o) = -2259*o - 4894. What is the remainder when i(-3) is divided by 59?
54
Let k be ((-22)/4)/(6/132). Let f = 777 + -738. Calculate the remainder when 2/11 - 13167/k is divided by f.
31
Let f(o) = -7*o**2 + 12*o**2 - o + 4 - 6*o**2 + o**3. Let i be f(0). Calculate the remainder when (-21)/6 + i + (-45)/(-2) is divided by 14.
9
Suppose -14*u = -20*u + 342. Calculate the remainder when u/19 + (1 - -21) is divided by 16.
9
Suppose 6 = -2*b - 4*v, 5*v = b - 2 - 16. What is the remainder when ((-3)/(-9))/((-21)/(-1953)) is divided by (70/7)/(3*1/b)?
1
Suppose 3*c - 12 = 0, w = -0*w + 2*c - 4. Suppose -5*m = 3*n - 578, -3*n - 1 = w*m - 464. What is the remainder when m is divided by 29?
28
Let z = 357 - -346. Let t = z - 